 393 - (0 - -15).
-5
Evaluate -189 + (241 - 81) + (1 - -64).
36
-27 - (-94 - -53) - (-1 + -7)
22
What is 2 + -57 - (-11 - -17 - 9) - (106 + -110)?
-48
What is (-89 + 3 - (-25 - -10)) + 11 + -10?
-70
What is (39 - 90) + 91 - 73?
-33
What is the value of 24 + (26 - (49 - -15)) + (-1 - -20)?
5
What is the value of (768 - 782) + -1 + (-4 - 0)?
-19
(-3 - (27 - 46) - ((5 - 10) + -2)) + -11
12
Evaluate (-43 - -1 - 1) + (57858 - 57701).
114
Evaluate 55 - 135 - (-26 - 158).
104
Evaluate 1 - -107 - (-829 - -827) - 3.
107
What is 76 - (61 + 46 + -50)?
19
Calculate -29 + 5 + (38 - 15) + 38.
37
What is the value of (-1 + 14 - (-3 + (-36 - -63))) + 60?
49
Evaluate -1 + 0 - -42 - (-11 + -14 + (-35 - -65)).
36
Evaluate ((-13 - 13) + 6 - -4) + 56.
40
-38 + 16 - (3 - 16) - (5 + 1 + 2)
-17
(-1 - -30) + -4 - (3737 + -3723)
11
What is the value of -2 - 22 - (-118 - (-82 - -47))?
59
Calculate 20 - (-32 - -66 - 5 - 34).
25
What is the value of 33 + 21 + 4 + -6 + -13?
39
-1 + -21 + 144 + (-163 - -84)
43
(-244 - -126) + (21 - -13)
-84
Calculate ((1 - -4) + -8 - -8) + (18 - 14) - 83.
-74
What is the value of -2 + (4 + -10 - 0 - -1) - -39?
32
Calculate -14 + (3 - 0) + (-134 - (-190 - -155)).
-110
Calculate -19 + 11 + (1 + 0 - (-93 - -105)).
-19
Evaluate (4 + 4 + -10 - -46) + 10 + -15.
39
(19 + 0 - -3) + (-101 - -54)
-25
Calculate -6 - -102 - 20 - 49.
27
What is the value of (-1 + 32 - (2 - -18)) + (-6 - (0 + 1))?
4
Calculate -2 + 0 + (-7 + 15 - 10) + -66.
-70
What is the value of 6939 - 6823 - (53 + 1)?
62
Calculate (40 - 35) + (-27 + 4 - 13).
-31
Calculate 44 + 10 + -6 + (9 - 9 - 7) + 12.
53
What is the value of 13 + -1 + (-11 - -13) + -9 + 7?
12
(34 - 45 - -39) + (-5 - -4) + -12 + 117
132
What is the value of (14 - (23 + -15 - -83)) + 17?
-60
-92 + (14 - 39) + -1 + 34
-84
Evaluate (-20 + -54 - 1) + (-2 - -2) + -16.
-91
Evaluate 14 - (9 + (-11 - 0) + (12 - -2) + -7).
9
Evaluate 17 + -1 + 3 - (-1040 + 1069).
-10
What is -1 + 1 + 11 + -528 + 513 + -30?
-34
Calculate -21 - 2 - ((8 + -20 + 7 - -10) + -3).
-25
Evaluate -4 + 53 + -3 + 1 + -6 + (78 - 75).
44
What is the value of -42 - (-134 - -63 - 37)?
66
96 - (18 - -66) - 77
-65
10 + (-4 - (-4 + -15))
25
Evaluate (6 - 64 - (-69 - -69)) + 22.
-36
What is the value of 117 + -148 + -1 + 20 + 8 + 63?
59
What is the value of -1 - (-1 - (3 - 7)) - -11?
7
-93 - -50 - -40 - (-8 - -2) - -3
6
-63 + (22 + -2 - ((43 - 71) + 35))
-50
What is -22 + 21 + 0 + -2 + -1 + (12 - 7)?
1
What is the value of 1 + -11 + 0 + 528 + -478?
40
What is 93 - (351 - 360 - (-9 + 3 + 5 + -7))?
94
What is -25 + (25 - 12) + -25 + 26 - -41?
30
3 + -12 + -9 + (7 - (15 + -26 + 10))
-10
What is (8 - -2 - 1) + -103 + (18 - 24)?
-100
Evaluate -72 + (19 - 14 - 22) - -24.
-65
What is (36 - (61 + 77)) + 74?
-28
What is -9 + (2 - -13) + (-1 - 10) - -2 - -37?
34
Evaluate -14 - -1 - (-35 + 27 + 12 + 1 + -7).
-11
What is the value of 73 - 2 - ((5 - -1) + (-27 - -1 - -27))?
64
Evaluate (-9 + 1 - (17 - (-1 + 16 + 9))) + 25.
24
Evaluate (-3 - (-2 + -16) - 1) + -109 + 2.
-93
Calculate 42 + -137 + 37 - -50.
-8
Evaluate -39 - (-19 - (-17 - (-19 + -12))).
-6
Evaluate (2969 - 2982) + (-4 - (-24 - -5)).
2
Calculate -92 + (22 + 75 - 18).
-13
(2 - -1) + (-14 - -13) + (-44 - -31)
-11
(-1 - -72) + (0 - (-2 + -11 + 23))
61
Evaluate -50 - 7 - (-20 + -2 + 25).
-60
What is the value of (-5 - (8 + 4) - -14) + 5?
2
What is 0 + -12 + 98 + (-6 - 5 - 21)?
54
What is the value of -16 + (16 - 8) + (-7 + 113 - 6) + 3?
95
Evaluate (-69 - -85) + 86 + -40.
62
Evaluate -23 + 15 + (-2 - (-16 + -2)).
8
(-18 - 7) + 320 + -316
-21
251 + -245 - (-1 - -67)
-60
What is the value of 41 - -10 - (-7 - (18 - (30 + -16)))?
62
Calculate (0 - -24) + -82 + 45 - (1 + -88).
74
10 - 1 - ((109 - 198) + 39 - (11 - 0))
70
Calculate -14 + -15 + (-15 - 15) + 15.
-44
Evaluate -164 + 5 + 161 - ((-3 - -1) + 1 + -31).
34
Evaluate 21 - (-178 + 92) - 67.
40
6 + -17 + 4 + 52 - 7
38
What is the value of -3 - (-53 - -19 - -39)?
-8
42 - (-35 + (20 - -32))
25
Evaluate 18 - (20 + -19) - -2 - 10.
9
Calculate (-21 - 42) + -43 + 92.
-14
What is (31 - (8 + 8)) + -11 - -39?
43
-50 + 39 + 4 - (-48 - 3)
44
What is the value of 29 + (26 - (20 + 49))?
-14
Calculate (-21 + (-2 - (-3 - -2)) - (-71 - -62)) + 9.
-4
Calculate 3 - ((196 - 191) + 0 + -113).
111
Calculate -288 - -308 - (-1 + 35).
-14
What is (-60 + 35 + 22 - -36) + -27?
6
-44 + (-170 + 181 - (-2 + 5 + 2) - 7)
-45
Calculate -89 + -1 + 328 + -270.
-32
Evaluate (130 - (90 - 59)) + -60.
39
What is the value of -14 + 97 + -61 + (-1 - 0) + -8?
13
-2 + -16 - (75 - 109) - (-1 - -8)
9
2 - 12 - 0 - (-40 + (18 - -15))
-3
Calculate 39 - (114 + 49 + -135).
11
What is the value of -17 + (-38 + 27 - -22)?
-6
Evaluate (64 - 1) + -182 + 151 - 41.
-9
What is the value of 6 - (3 + -41 + 38 - (-1 - -17))?
22
What is -68 + 21 + 21 + -3 + 18 + -31?
-42
What is (23 - -2) + -17 + 25?
33
-37 + -3 + 5 + -10 + (43 - 25)
-27
What is (-11305 - -11235) + 0 + -1 + 31?
-40
What is -1 - (12 - (-8 - (17 + (-22 - 13))))?
-3
Calculate (73 - (16 - (-17 + 23))) + (4 - -2).
69
20 + -15 + -11 + (6 + -4 - 2) - 44
-50
Evaluate (94 - 13 - (-1 - 3 - -13)) + 9.
81
Calculate 6062 + -6065 - (-55 + 3 + -1 + 1).
49
Calculate (-5 - -12) + -25 - -4 - (-144 - -46).
84
What is the value of -17 - ((8 - -1) + (-24 - (3 - 18 - -6)))?
-11
What is the value of 9 - (81 + -2 - (9 - (-12 + 24 + 8)))?
-81
Calculate -89 - -77 - (-10 - 5).
3
-29 + 14 + -36 + 50 - (3 + 0 + -59)
55
Calculate -3 + -7 + 3 + (-13 + 6 + 2 - 28).
-40
Calculate (248 - 144) + (-92 - -35).
47
278 + -291 + (2 - -69) + 1 + -8 + -4
47
What is -10 - (190 + -212 - (76 - 2)) - -3?
89
Calculate (-14 - 9) + (-150 - -147).
-26
What is the value of -1 + -5 - (-1 - (-16 + 11 - -94 - 8))?
76
What is (-4 - -133 - -16) + (-180 - -175)?
140
What is the value of (-9 - (2 - -1 - (27 + -19))) + 5 + -34?
-33
Evaluate (-11 - -2) + 8 + -20 + (-2 + -3 - -7).
-19
Calculate -24 + 12 + (-45 - -11 - 21).
-67
Evaluate 48 - (-41 + 14 - -87).
-12
What is the value of -35 - (-71 - (-142 - -37))?
-69
What is the value of -38 + 69 + 8 + -72?
-33
What is 0 - -9 - (26 - 68 - -21)?
30
What is -106 - -52 - ((3 - -24) + -36)?
-45
What is the value of (0 - -40) + (-128 - -135 - (19 + -7))?
35
Evaluate -8427 + 8453 + ((-4 - -2) + 0 - -9).
33
-82 + (-78 - -74) + 50
-36
Evaluate 14 + -10 + 8 + -11 + (-2 - -1).
0
What is the value of 0 - -4 - (35 + (-89 - -46)) - -23?
35
Evaluate -4 + 2 + -1 - -32 - (-16 + (12 - 6)).
39
What is the value of 57 + (77 + -76 - (-2 - (0 + 3)))?
63
Calculate 91 + (5 - (-4 + 6 + -1 + -9)) + -14.
90
4 - (28 - -6 - -3 - ((20 - 19) + -14))
-46
Calculate (7 - -4) + (-69 - -47) - -22.
11
What is (6 - 8) + (19 - 10 - 2 - -30)?
35
Evaluate -63 + 17 + 12 - (-8 + -2 + -6).
-18
Evaluate -51 - (-2 - (-93 - -92)).
-50
Calculate 10 - (-3 - (-20 + -45)).
-52
Calculate (1 - -3) + (8 - 22 - -7) + -38.
-41
Calculate (26 - -5) + -13 + (-28 - -4) + -101.
-107
Evaluate 74 - (-37 + 37 + 17 - 33).
90
Calculate (2 - (-4 + 7 + -16 - -2)) + -1 + 22.
34
Calculate (-3 - -6) + -4 + -16 + -6 + -9.
-32
Evaluate (-16 - -20) + -4 - (6 - 0 - (7 + -86)).
-85
What is 50 + (15 - -46) + -76?
35
Calculate 74 - (57 + -57 + 130).
-56
20 - (-32 + 33 - (-3 + -9)) - 1
6
(39 - (73 - 37) - (15 - (2 + -1))) + -48
-59
What is -117 + -6 + 124 - (-4 - 108)?
113
What is -14 - (-38 + 49 - (-11 - -11))?
-25
What is the value of 133 + -130 - (-2 - -21) - -3 - 2?
-15
Evaluate -60 + 4 + 4 - (34 - 20).
-66
What is the value of 33 - (-26 + (-25 - -29) - 5)?
60
What is 24 + -24 - (-40 - -47)?
-7
Calculate (1 + -37 - (-25 - -21)) + 12.
-20
What is the value of (-4 - (1 - 5)) + (1 - (-9 - 14 - 24))?
48
What is (-28 - -9) + -4 + 18 + (1 - (1 + -3))?
-2
Calculate (76 - ((6 - 2) + -2)) + (-5177 - -5183).
80
Evaluate (-1 - -197) + (-259 - (-532 + 318)).
151
Evaluate -12 + (-3 - 9) + (-4 - (-12 - -17)).
-33
What is -89 - (-20 + (19 - 76))?
-12
0 + (7 - 8) + (39 - -4)
42
Calculate 62 + -107 + -60 - (-22 + 1).
-84
1 - ((32 - (2 - -15)) + -8 + -12)
6
36 + -7 - ((30 - 21) + -116)
136
What is (-292 - -265) + (1 - -12) + -18?
-32
What is 2 + -158 + 141 - (-19 + -2)?
6
What is (-17 - -2) + -29 + 19 - 10?
-35
Calculate -24 - (-35 + -57 + 87 - (38 + 1)).
20
What is (2 - -19) + 20 + -21 + -6 - -34?
48
Evaluate 0 + (-25 - -9) + -15 + -2.
-33
What is -9 + 0 +